{"id":1495,"date":"2020-06-24T05:31:08","date_gmt":"2020-06-24T04:31:08","guid":{"rendered":"https:\/\/vinsdivins.be\/?post_type=product&#038;p=1495"},"modified":"2024-03-11T18:49:30","modified_gmt":"2024-03-11T17:49:30","slug":"miraflors-rose-lafage","status":"publish","type":"product","link":"https:\/\/vinsdivins.be\/index.php\/product\/miraflors-rose-lafage\/","title":{"rendered":"Miraflors Ros\u00e9 &#8211; Lafage"},"content":{"rendered":"","protected":false},"excerpt":{"rendered":"<p>De Miraflors Ros\u00e9 is uitgeroepen tot de allerbeste ros\u00e9 van de Roussillon.<br \/>\nDe Miraflors Rose bestaat uit Mourvedre, en een kleiner gedeelte Grenache. De wijn komt van terrasvormige percelen langs de kust.<\/p>\n<p>Moeilijk te weerstaan, met fabelachtige zuiverheid. Te vergelijken met een AIX ros\u00e9 maar dan tegen een scherpere prijs!<br \/>\nUitgevoerd in een prachtige fles met een glazen stop die je kan hergebruiken voor (sommige) andere flessen te sluiten.<br \/>\nDeze rose heeft maar liefst 90 Parkerpunten gekregen.<\/p>\n","protected":false},"featured_media":1496,"template":"","meta":[],"product_brand":[],"product_cat":[98,80,485,147],"product_tag":[],"class_list":{"0":"post-1495","1":"product","2":"type-product","3":"status-publish","4":"has-post-thumbnail","6":"product_cat-frankrijk-rose","7":"product_cat-rose","8":"product_cat-roussillon","9":"product_cat-wijnen","10":"pa_druiven-grenache-noir-en-grenache-gris","11":"pa_druiven-mourvedre","13":"first","14":"instock","15":"taxable","16":"shipping-taxable","17":"purchasable","18":"product-type-simple"},"yoast_head":"<!-- This site is optimized with the Yoast SEO plugin v27.5 - https:\/\/yoast.com\/product\/yoast-seo-wordpress\/ -->\n<title>Miraflors Ros\u00e9 - Lafage - Vins Divins Winery<\/title>\n<meta name=\"robots\" content=\"noindex, follow, max-snippet:-1, max-image-preview:large, max-video-preview:-1\" \/>\n<meta property=\"og:locale\" content=\"nl_BE\" \/>\n<meta property=\"og:type\" content=\"article\" \/>\n<meta property=\"og:title\" content=\"Miraflors Ros\u00e9 - Lafage - Vins Divins Winery\" \/>\n<meta property=\"og:description\" content=\"De Miraflors Ros\u00e9 is uitgeroepen tot de allerbeste ros\u00e9 van de Roussillon. De Miraflors Rose bestaat uit Mourvedre, en een kleiner gedeelte Grenache. De wijn komt van terrasvormige percelen langs de kust. Moeilijk te weerstaan, met fabelachtige zuiverheid. Te vergelijken met een AIX ros\u00e9 maar dan tegen een scherpere prijs! Uitgevoerd in een prachtige fles met een glazen stop die je kan hergebruiken voor (sommige) andere flessen te sluiten. Deze rose heeft maar liefst 90 Parkerpunten gekregen.\" \/>\n<meta property=\"og:url\" content=\"https:\/\/vinsdivins.be\/index.php\/product\/miraflors-rose-lafage\/\" \/>\n<meta property=\"og:site_name\" content=\"Vins Divins Winery\" \/>\n<meta property=\"article:publisher\" content=\"https:\/\/www.facebook.com\/profile.php?id=100057407982814\" \/>\n<meta property=\"article:modified_time\" content=\"2024-03-11T17:49:30+00:00\" \/>\n<meta property=\"og:image\" content=\"https:\/\/vinsdivins.be\/wp-content\/uploads\/2020\/06\/miraflors_rose_n.jpg\" \/>\n\t<meta property=\"og:image:width\" content=\"1000\" \/>\n\t<meta property=\"og:image:height\" content=\"1000\" \/>\n\t<meta property=\"og:image:type\" content=\"image\/jpeg\" \/>\n<meta name=\"twitter:card\" content=\"summary_large_image\" \/>\n<script type=\"application\/ld+json\" class=\"yoast-schema-graph\">{\"@context\":\"https:\\\/\\\/schema.org\",\"@graph\":[{\"@type\":\"WebPage\",\"@id\":\"https:\\\/\\\/vinsdivins.be\\\/index.php\\\/product\\\/miraflors-rose-lafage\\\/\",\"url\":\"https:\\\/\\\/vinsdivins.be\\\/index.php\\\/product\\\/miraflors-rose-lafage\\\/\",\"name\":\"Miraflors Ros\u00e9 - Lafage - Vins Divins Winery\",\"isPartOf\":{\"@id\":\"https:\\\/\\\/vinsdivins.be\\\/#website\"},\"primaryImageOfPage\":{\"@id\":\"https:\\\/\\\/vinsdivins.be\\\/index.php\\\/product\\\/miraflors-rose-lafage\\\/#primaryimage\"},\"image\":{\"@id\":\"https:\\\/\\\/vinsdivins.be\\\/index.php\\\/product\\\/miraflors-rose-lafage\\\/#primaryimage\"},\"thumbnailUrl\":\"https:\\\/\\\/vinsdivins.be\\\/wp-content\\\/uploads\\\/2020\\\/06\\\/miraflors_rose_n.jpg\",\"datePublished\":\"2020-06-24T04:31:08+00:00\",\"dateModified\":\"2024-03-11T17:49:30+00:00\",\"breadcrumb\":{\"@id\":\"https:\\\/\\\/vinsdivins.be\\\/index.php\\\/product\\\/miraflors-rose-lafage\\\/#breadcrumb\"},\"inLanguage\":\"nl-BE\",\"potentialAction\":[{\"@type\":\"ReadAction\",\"target\":[\"https:\\\/\\\/vinsdivins.be\\\/index.php\\\/product\\\/miraflors-rose-lafage\\\/\"]}]},{\"@type\":\"ImageObject\",\"inLanguage\":\"nl-BE\",\"@id\":\"https:\\\/\\\/vinsdivins.be\\\/index.php\\\/product\\\/miraflors-rose-lafage\\\/#primaryimage\",\"url\":\"https:\\\/\\\/vinsdivins.be\\\/wp-content\\\/uploads\\\/2020\\\/06\\\/miraflors_rose_n.jpg\",\"contentUrl\":\"https:\\\/\\\/vinsdivins.be\\\/wp-content\\\/uploads\\\/2020\\\/06\\\/miraflors_rose_n.jpg\",\"width\":1000,\"height\":1000},{\"@type\":\"BreadcrumbList\",\"@id\":\"https:\\\/\\\/vinsdivins.be\\\/index.php\\\/product\\\/miraflors-rose-lafage\\\/#breadcrumb\",\"itemListElement\":[{\"@type\":\"ListItem\",\"position\":1,\"name\":\"Home\",\"item\":\"https:\\\/\\\/vinsdivins.be\\\/\"},{\"@type\":\"ListItem\",\"position\":2,\"name\":\"Shop\",\"item\":\"https:\\\/\\\/vinsdivins.be\\\/index.php\\\/shop\\\/\"},{\"@type\":\"ListItem\",\"position\":3,\"name\":\"Miraflors Ros\u00e9 &#8211; Lafage\"}]},{\"@type\":\"WebSite\",\"@id\":\"https:\\\/\\\/vinsdivins.be\\\/#website\",\"url\":\"https:\\\/\\\/vinsdivins.be\\\/\",\"name\":\"Vins Divins Winery\",\"description\":\"\",\"publisher\":{\"@id\":\"https:\\\/\\\/vinsdivins.be\\\/#organization\"},\"potentialAction\":[{\"@type\":\"SearchAction\",\"target\":{\"@type\":\"EntryPoint\",\"urlTemplate\":\"https:\\\/\\\/vinsdivins.be\\\/?s={search_term_string}\"},\"query-input\":{\"@type\":\"PropertyValueSpecification\",\"valueRequired\":true,\"valueName\":\"search_term_string\"}}],\"inLanguage\":\"nl-BE\"},{\"@type\":\"Organization\",\"@id\":\"https:\\\/\\\/vinsdivins.be\\\/#organization\",\"name\":\"Vins Divins Winery\",\"url\":\"https:\\\/\\\/vinsdivins.be\\\/\",\"logo\":{\"@type\":\"ImageObject\",\"inLanguage\":\"nl-BE\",\"@id\":\"https:\\\/\\\/vinsdivins.be\\\/#\\\/schema\\\/logo\\\/image\\\/\",\"url\":\"https:\\\/\\\/vinsdivins.be\\\/wp-content\\\/uploads\\\/2020\\\/03\\\/cropped-VinsDivins-logo-1.png\",\"contentUrl\":\"https:\\\/\\\/vinsdivins.be\\\/wp-content\\\/uploads\\\/2020\\\/03\\\/cropped-VinsDivins-logo-1.png\",\"width\":209,\"height\":208,\"caption\":\"Vins Divins Winery\"},\"image\":{\"@id\":\"https:\\\/\\\/vinsdivins.be\\\/#\\\/schema\\\/logo\\\/image\\\/\"},\"sameAs\":[\"https:\\\/\\\/www.facebook.com\\\/profile.php?id=100057407982814\",\"https:\\\/\\\/www.instagram.com\\\/vinsdivins_winery?igsh=MWtmZm9ianBnaWZscA\"]}]}<\/script>\n<!-- \/ Yoast SEO plugin. -->","yoast_head_json":{"title":"Miraflors Ros\u00e9 - Lafage - Vins Divins Winery","robots":{"index":"noindex","follow":"follow","max-snippet":"max-snippet:-1","max-image-preview":"max-image-preview:large","max-video-preview":"max-video-preview:-1"},"og_locale":"nl_BE","og_type":"article","og_title":"Miraflors Ros\u00e9 - Lafage - Vins Divins Winery","og_description":"De Miraflors Ros\u00e9 is uitgeroepen tot de allerbeste ros\u00e9 van de Roussillon. De Miraflors Rose bestaat uit Mourvedre, en een kleiner gedeelte Grenache. De wijn komt van terrasvormige percelen langs de kust. Moeilijk te weerstaan, met fabelachtige zuiverheid. Te vergelijken met een AIX ros\u00e9 maar dan tegen een scherpere prijs! Uitgevoerd in een prachtige fles met een glazen stop die je kan hergebruiken voor (sommige) andere flessen te sluiten. Deze rose heeft maar liefst 90 Parkerpunten gekregen.","og_url":"https:\/\/vinsdivins.be\/index.php\/product\/miraflors-rose-lafage\/","og_site_name":"Vins Divins Winery","article_publisher":"https:\/\/www.facebook.com\/profile.php?id=100057407982814","article_modified_time":"2024-03-11T17:49:30+00:00","og_image":[{"width":1000,"height":1000,"url":"https:\/\/vinsdivins.be\/wp-content\/uploads\/2020\/06\/miraflors_rose_n.jpg","type":"image\/jpeg"}],"twitter_card":"summary_large_image","schema":{"@context":"https:\/\/schema.org","@graph":[{"@type":"WebPage","@id":"https:\/\/vinsdivins.be\/index.php\/product\/miraflors-rose-lafage\/","url":"https:\/\/vinsdivins.be\/index.php\/product\/miraflors-rose-lafage\/","name":"Miraflors Ros\u00e9 - Lafage - Vins Divins Winery","isPartOf":{"@id":"https:\/\/vinsdivins.be\/#website"},"primaryImageOfPage":{"@id":"https:\/\/vinsdivins.be\/index.php\/product\/miraflors-rose-lafage\/#primaryimage"},"image":{"@id":"https:\/\/vinsdivins.be\/index.php\/product\/miraflors-rose-lafage\/#primaryimage"},"thumbnailUrl":"https:\/\/vinsdivins.be\/wp-content\/uploads\/2020\/06\/miraflors_rose_n.jpg","datePublished":"2020-06-24T04:31:08+00:00","dateModified":"2024-03-11T17:49:30+00:00","breadcrumb":{"@id":"https:\/\/vinsdivins.be\/index.php\/product\/miraflors-rose-lafage\/#breadcrumb"},"inLanguage":"nl-BE","potentialAction":[{"@type":"ReadAction","target":["https:\/\/vinsdivins.be\/index.php\/product\/miraflors-rose-lafage\/"]}]},{"@type":"ImageObject","inLanguage":"nl-BE","@id":"https:\/\/vinsdivins.be\/index.php\/product\/miraflors-rose-lafage\/#primaryimage","url":"https:\/\/vinsdivins.be\/wp-content\/uploads\/2020\/06\/miraflors_rose_n.jpg","contentUrl":"https:\/\/vinsdivins.be\/wp-content\/uploads\/2020\/06\/miraflors_rose_n.jpg","width":1000,"height":1000},{"@type":"BreadcrumbList","@id":"https:\/\/vinsdivins.be\/index.php\/product\/miraflors-rose-lafage\/#breadcrumb","itemListElement":[{"@type":"ListItem","position":1,"name":"Home","item":"https:\/\/vinsdivins.be\/"},{"@type":"ListItem","position":2,"name":"Shop","item":"https:\/\/vinsdivins.be\/index.php\/shop\/"},{"@type":"ListItem","position":3,"name":"Miraflors Ros\u00e9 &#8211; Lafage"}]},{"@type":"WebSite","@id":"https:\/\/vinsdivins.be\/#website","url":"https:\/\/vinsdivins.be\/","name":"Vins Divins Winery","description":"","publisher":{"@id":"https:\/\/vinsdivins.be\/#organization"},"potentialAction":[{"@type":"SearchAction","target":{"@type":"EntryPoint","urlTemplate":"https:\/\/vinsdivins.be\/?s={search_term_string}"},"query-input":{"@type":"PropertyValueSpecification","valueRequired":true,"valueName":"search_term_string"}}],"inLanguage":"nl-BE"},{"@type":"Organization","@id":"https:\/\/vinsdivins.be\/#organization","name":"Vins Divins Winery","url":"https:\/\/vinsdivins.be\/","logo":{"@type":"ImageObject","inLanguage":"nl-BE","@id":"https:\/\/vinsdivins.be\/#\/schema\/logo\/image\/","url":"https:\/\/vinsdivins.be\/wp-content\/uploads\/2020\/03\/cropped-VinsDivins-logo-1.png","contentUrl":"https:\/\/vinsdivins.be\/wp-content\/uploads\/2020\/03\/cropped-VinsDivins-logo-1.png","width":209,"height":208,"caption":"Vins Divins Winery"},"image":{"@id":"https:\/\/vinsdivins.be\/#\/schema\/logo\/image\/"},"sameAs":["https:\/\/www.facebook.com\/profile.php?id=100057407982814","https:\/\/www.instagram.com\/vinsdivins_winery?igsh=MWtmZm9ianBnaWZscA"]}]}},"jetpack_sharing_enabled":true,"_links":{"self":[{"href":"https:\/\/vinsdivins.be\/index.php\/wp-json\/wp\/v2\/product\/1495","targetHints":{"allow":["GET"]}}],"collection":[{"href":"https:\/\/vinsdivins.be\/index.php\/wp-json\/wp\/v2\/product"}],"about":[{"href":"https:\/\/vinsdivins.be\/index.php\/wp-json\/wp\/v2\/types\/product"}],"wp:featuredmedia":[{"embeddable":true,"href":"https:\/\/vinsdivins.be\/index.php\/wp-json\/wp\/v2\/media\/1496"}],"wp:attachment":[{"href":"https:\/\/vinsdivins.be\/index.php\/wp-json\/wp\/v2\/media?parent=1495"}],"wp:term":[{"taxonomy":"product_brand","embeddable":true,"href":"https:\/\/vinsdivins.be\/index.php\/wp-json\/wp\/v2\/product_brand?post=1495"},{"taxonomy":"product_cat","embeddable":true,"href":"https:\/\/vinsdivins.be\/index.php\/wp-json\/wp\/v2\/product_cat?post=1495"},{"taxonomy":"product_tag","embeddable":true,"href":"https:\/\/vinsdivins.be\/index.php\/wp-json\/wp\/v2\/product_tag?post=1495"}],"curies":[{"name":"wp","href":"https:\/\/api.w.org\/{rel}","templated":true}]}}